[INFO] cloning repository https://github.com/ElchananHaas/sts387fightsim
[INFO] running `Command { std: "git" "-c" "credential.helper=" "-c" "credential.helper=/workspace/cargo-home/bin/git-credential-null" "clone" "--bare" "https://github.com/ElchananHaas/sts387fightsim" "/workspace/cache/git-repos/https%3A%2F%2Fgithub.com%2FElchananHaas%2Fsts387fightsim", kill_on_drop: false }`
[INFO] [stderr] Cloning into bare repository '/workspace/cache/git-repos/https%3A%2F%2Fgithub.com%2FElchananHaas%2Fsts387fightsim'...
[INFO] running `Command { std: "git" "rev-parse" "HEAD", kill_on_drop: false }`
[INFO] [stdout] 9b7b0f9908e9472da50c0cd87603f420249f5534
[INFO] checking ElchananHaas/sts387fightsim against 40527f3e444fde1deb361751bdef9b9e11d1b971+rustflags=--cfg crater_hack --force-warn invalid-c-variadic-arguments for pr-162478
[INFO] running `Command { std: "git" "clone" "/workspace/cache/git-repos/https%3A%2F%2Fgithub.com%2FElchananHaas%2Fsts387fightsim" "/workspace/builds/worker-3-tc2/source", kill_on_drop: false }`
[INFO] [stderr] Cloning into '/workspace/builds/worker-3-tc2/source'...
[INFO] [stderr] done.
[INFO] started tweaking git repo https://github.com/ElchananHaas/sts387fightsim
[INFO] finished tweaking git repo https://github.com/ElchananHaas/sts387fightsim
[INFO] tweaked toml for git repo https://github.com/ElchananHaas/sts387fightsim written to /workspace/builds/worker-3-tc2/source/Cargo.toml
[INFO] validating manifest of git repo https://github.com/ElchananHaas/sts387fightsim on toolchain 40527f3e444fde1deb361751bdef9b9e11d1b971
[INFO] running `Command { std: CARGO_HOME="/workspace/cargo-home" RUSTUP_HOME="/workspace/rustup-home" "/workspace/cargo-home/bin/cargo" "+40527f3e444fde1deb361751bdef9b9e11d1b971" "metadata" "--manifest-path" "Cargo.toml" "--no-deps", kill_on_drop: false }`
[INFO] crate git repo https://github.com/ElchananHaas/sts387fightsim already has a lockfile, it will not be regenerated
[INFO] running `Command { std: CARGO_HOME="/workspace/cargo-home" RUSTUP_HOME="/workspace/rustup-home" "/workspace/cargo-home/bin/cargo" "+40527f3e444fde1deb361751bdef9b9e11d1b971" "fetch" "--manifest-path" "Cargo.toml", kill_on_drop: false }`
[INFO] [stderr] warning: Cargo.toml: unused manifest key: package.channel
[INFO] [stderr] warning: `sts387` (manifest) generated 1 warning
[INFO] [stderr]     Blocking waiting for file lock on package cache
[INFO] [stderr]     Blocking waiting for file lock on package cache
[ERROR] error running command: no output for 300 seconds
[INFO] checking ElchananHaas/sts387fightsim against 40527f3e444fde1deb361751bdef9b9e11d1b971+rustflags=--cfg crater_hack --force-warn invalid-c-variadic-arguments for pr-162478
[INFO] running `Command { std: "git" "clone" "/workspace/cache/git-repos/https%3A%2F%2Fgithub.com%2FElchananHaas%2Fsts387fightsim" "/workspace/builds/worker-3-tc2/source", kill_on_drop: false }`
[INFO] [stderr] Cloning into '/workspace/builds/worker-3-tc2/source'...
[INFO] [stderr] done.
[INFO] started tweaking git repo https://github.com/ElchananHaas/sts387fightsim
[INFO] finished tweaking git repo https://github.com/ElchananHaas/sts387fightsim
[INFO] tweaked toml for git repo https://github.com/ElchananHaas/sts387fightsim written to /workspace/builds/worker-3-tc2/source/Cargo.toml
[INFO] validating manifest of git repo https://github.com/ElchananHaas/sts387fightsim on toolchain 40527f3e444fde1deb361751bdef9b9e11d1b971
[INFO] running `Command { std: CARGO_HOME="/workspace/cargo-home" RUSTUP_HOME="/workspace/rustup-home" "/workspace/cargo-home/bin/cargo" "+40527f3e444fde1deb361751bdef9b9e11d1b971" "metadata" "--manifest-path" "Cargo.toml" "--no-deps", kill_on_drop: false }`
[INFO] crate git repo https://github.com/ElchananHaas/sts387fightsim already has a lockfile, it will not be regenerated
[INFO] running `Command { std: CARGO_HOME="/workspace/cargo-home" RUSTUP_HOME="/workspace/rustup-home" "/workspace/cargo-home/bin/cargo" "+40527f3e444fde1deb361751bdef9b9e11d1b971" "fetch" "--manifest-path" "Cargo.toml", kill_on_drop: false }`
[INFO] [stderr] warning: Cargo.toml: unused manifest key: package.channel
[INFO] [stderr] warning: `sts387` (manifest) generated 1 warning
[INFO] [stderr]     Blocking waiting for file lock on package cache
[INFO] [stderr]     Blocking waiting for file lock on package cache
[INFO] running `Command { std: "docker" "create" "-v" "/var/lib/crater-agent-workspace/builds/worker-3-tc2/source:/opt/rustwide/workdir:ro,Z" "-v" "/var/lib/crater-agent-workspace/builds/worker-3-tc2/target:/opt/rustwide/target:rw,Z" "-v" "/var/lib/crater-agent-workspace/cargo-home:/opt/rustwide/cargo-home:ro,Z" "-v" "/var/lib/crater-agent-workspace/rustup-home:/opt/rustwide/rustup-home:ro,Z" "-m" "1610612736" "--network" "none" "ghcr.io/rust-lang/crates-build-env/linux@sha256:8683fc1fc2eb5c9ac98e0d076ab094b2ffac7f99da555d2b6a2e27f346de2ec7" "sleep" "infinity", kill_on_drop: false }`
[INFO] [stdout] 9c2ab277e5af00393c4f46d52696ed988f66897d3d6bb767af8b4ce1f376501e
[INFO] running `Command { std: "docker" "start" "9c2ab277e5af00393c4f46d52696ed988f66897d3d6bb767af8b4ce1f376501e", kill_on_drop: false }`
[INFO] running `Command { std: "docker" "inspect" "9c2ab277e5af00393c4f46d52696ed988f66897d3d6bb767af8b4ce1f376501e", kill_on_drop: false }`
[INFO] running `Command { std: "docker" "exec" "-e" "SOURCE_DIR=/opt/rustwide/workdir" "-e" "CARGO_HOME=/opt/rustwide/cargo-home" "-e" "RUSTUP_HOME=/opt/rustwide/rustup-home" "-e" "CARGO_TARGET_DIR=/opt/rustwide/target" "-w" "/opt/rustwide/workdir" "--user" "0:0" "9c2ab277e5af00393c4f46d52696ed988f66897d3d6bb767af8b4ce1f376501e" "/opt/rustwide/cargo-home/bin/cargo" "+40527f3e444fde1deb361751bdef9b9e11d1b971" "metadata" "--no-deps" "--format-version=1", kill_on_drop: false }`
[INFO] running `Command { std: "docker" "inspect" "9c2ab277e5af00393c4f46d52696ed988f66897d3d6bb767af8b4ce1f376501e", kill_on_drop: false }`
[INFO] running `Command { std: "docker" "exec" "-e" "SOURCE_DIR=/opt/rustwide/workdir" "-e" "CARGO_HOME=/opt/rustwide/cargo-home" "-e" "RUSTUP_HOME=/opt/rustwide/rustup-home" "-e" "CARGO_TARGET_DIR=/opt/rustwide/target" "-e" "CARGO_INCREMENTAL=0" "-e" "RUST_BACKTRACE=full" "-e" "RUSTFLAGS=--cap-lints=forbid --cfg crater_hack --force-warn invalid-c-variadic-arguments" "-e" "RUSTDOCFLAGS=--cap-lints=forbid" "-w" "/opt/rustwide/workdir" "--user" "0:0" "9c2ab277e5af00393c4f46d52696ed988f66897d3d6bb767af8b4ce1f376501e" "/opt/rustwide/cargo-home/bin/cargo" "+40527f3e444fde1deb361751bdef9b9e11d1b971" "check" "--frozen" "--all" "--all-targets" "--message-format=json", kill_on_drop: false }`
[INFO] [stderr] warning: Cargo.toml: unused manifest key: package.channel
[INFO] [stderr] warning: `sts387` (manifest) generated 1 warning
[INFO] [stderr]    Compiling libc v0.2.172
[INFO] [stderr]    Compiling zerocopy v0.8.25
[INFO] [stderr]     Checking getrandom v0.3.2
[INFO] [stderr]     Checking rand_core v0.9.3
[INFO] [stderr]     Checking ppv-lite86 v0.2.21
[INFO] [stderr]     Checking rand_chacha v0.9.0
[INFO] [stderr]     Checking rand v0.9.1
[INFO] [stderr]     Checking sts387 v0.1.0 (/opt/rustwide/workdir)
[INFO] [stdout] error[E0432]: unresolved imports `std::random::DefaultRandomSource`, `std::random::Random`
[INFO] [stdout]  --> src/main.rs:5:42
[INFO] [stdout]   |
[INFO] [stdout] 5 | use std::{collections::HashMap, random::{DefaultRandomSource, Random}};
[INFO] [stdout]   |                                          ^^^^^^^^^^^^^^^^^^^  ^^^^^^ no `Random` in `random`
[INFO] [stdout]   |                                          |
[INFO] [stdout]   |                                          no `DefaultRandomSource` in `random`
[INFO] [stdout]   |
[INFO] [stdout] help: a similar name exists in the module
[INFO] [stdout]   |
[INFO] [stdout] 5 - use std::{collections::HashMap, random::{DefaultRandomSource, Random}};
[INFO] [stdout] 5 + use std::{collections::HashMap, random::{DefaultRandomSource, random}};
[INFO] [stdout]   |
[INFO] [stdout] 
[INFO] [stdout] 
[INFO] [stdout] warning: unused import: `distr::weighted::WeightedIndex`
[INFO] [stdout]  --> src/main.rs:4:12
[INFO] [stdout]   |
[INFO] [stdout] 4 | use rand::{distr::weighted::WeightedIndex, prelude::*};
[INFO] [stdout]   |            ^^^^^^^^^^^^^^^^^^^^^^^^^^^^^^
[INFO] [stdout]   |
[INFO] [stdout]   = note: `#[warn(unused_imports)]` (part of `#[warn(unused)]`) on by default
[INFO] [stdout] 
[INFO] [stdout] 
[INFO] [stdout] error[E0432]: unresolved imports `std::random::DefaultRandomSource`, `std::random::Random`
[INFO] [stdout]  --> src/main.rs:5:42
[INFO] [stdout]   |
[INFO] [stdout] 5 | use std::{collections::HashMap, random::{DefaultRandomSource, Random}};
[INFO] [stdout]   |                                          ^^^^^^^^^^^^^^^^^^^  ^^^^^^ no `Random` in `random`
[INFO] [stdout]   |                                          |
[INFO] [stdout]   |                                          no `DefaultRandomSource` in `random`
[INFO] [stdout]   |
[INFO] [stdout] help: a similar name exists in the module
[INFO] [stdout]   |
[INFO] [stdout] 5 - use std::{collections::HashMap, random::{DefaultRandomSource, Random}};
[INFO] [stdout] 5 + use std::{collections::HashMap, random::{DefaultRandomSource, random}};
[INFO] [stdout]   |
[INFO] [stdout] 
[INFO] [stdout] 
[INFO] [stdout] warning: unused import: `distr::weighted::WeightedIndex`
[INFO] [stdout]  --> src/main.rs:4:12
[INFO] [stdout]   |
[INFO] [stdout] 4 | use rand::{distr::weighted::WeightedIndex, prelude::*};
[INFO] [stdout]   |            ^^^^^^^^^^^^^^^^^^^^^^^^^^^^^^
[INFO] [stdout]   |
[INFO] [stdout]   = note: `#[warn(unused_imports)]` (part of `#[warn(unused)]`) on by default
[INFO] [stdout] 
[INFO] [stdout] 
[INFO] [stdout] error[E0599]: the associated function or constant `random` exists for type `usize`, but its trait bounds were not satisfied
[INFO] [stdout]    --> src/main.rs:462:27
[INFO] [stdout]     |
[INFO] [stdout] 462 |         let rand = usize::random(&mut DefaultRandomSource);
[INFO] [stdout]     |                           ^^^^^^ associated function or constant cannot be called on `usize` due to unsatisfied trait bounds
[INFO] [stdout]     |
[INFO] [stdout]     = note: the following trait bounds were not satisfied:
[INFO] [stdout]             `usize: RngCore`
[INFO] [stdout]             which is required by `usize: rand::Rng`
[INFO] [stdout]             `&usize: DerefMut`
[INFO] [stdout]             which is required by `&usize: rand::Rng`
[INFO] [stdout]             `usize: RngCore`
[INFO] [stdout]             which is required by `&mut usize: rand::Rng`
[INFO] [stdout] 
[INFO] [stdout] 
[INFO] [stdout] error[E0599]: the associated function or constant `random` exists for type `usize`, but its trait bounds were not satisfied
[INFO] [stdout]    --> src/main.rs:462:27
[INFO] [stdout]     |
[INFO] [stdout] 462 |         let rand = usize::random(&mut DefaultRandomSource);
[INFO] [stdout]     |                           ^^^^^^ associated function or constant cannot be called on `usize` due to unsatisfied trait bounds
[INFO] [stdout]     |
[INFO] [stdout]     = note: the following trait bounds were not satisfied:
[INFO] [stdout]             `usize: RngCore`
[INFO] [stdout]             which is required by `usize: rand::Rng`
[INFO] [stdout]             `&usize: DerefMut`
[INFO] [stdout]             which is required by `&usize: rand::Rng`
[INFO] [stdout]             `usize: RngCore`
[INFO] [stdout]             which is required by `&mut usize: rand::Rng`
[INFO] [stdout] 
[INFO] [stdout] 
[INFO] [stdout] Some errors have detailed explanations: E0432, E0599.
[INFO] [stdout] 
[INFO] [stdout] For more information about an error, try `rustc --explain E0432`.
[INFO] [stdout] 
[INFO] [stdout] Some errors have detailed explanations: E0432, E0599.
[INFO] [stdout] 
[INFO] [stdout] For more information about an error, try `rustc --explain E0432`.
[INFO] [stdout] 
[INFO] [stderr] error: could not compile `sts387` (bin "sts387") due to 2 previous errors; 1 warning emitted
[INFO] [stderr] warning: build failed, waiting for other jobs to finish...
[INFO] [stderr] error: could not compile `sts387` (bin "sts387" test) due to 2 previous errors; 1 warning emitted
[INFO] running `Command { std: "docker" "inspect" "9c2ab277e5af00393c4f46d52696ed988f66897d3d6bb767af8b4ce1f376501e", kill_on_drop: false }`
[INFO] running `Command { std: "docker" "rm" "-f" "9c2ab277e5af00393c4f46d52696ed988f66897d3d6bb767af8b4ce1f376501e", kill_on_drop: false }`
[INFO] [stdout] 9c2ab277e5af00393c4f46d52696ed988f66897d3d6bb767af8b4ce1f376501e
